CRAN Package Check Results for Package WeightSVM

Last updated on 2020-12-01 00:46:58 CET.

Flavor Version Tinstall Tcheck Ttotal Status Flags
r-devel-linux-x86_64-debian-clang 1.7-5 10.10 37.27 47.37 OK
r-devel-linux-x86_64-debian-gcc 1.7-5 8.76 29.44 38.20 OK
r-devel-linux-x86_64-fedora-clang 1.7-5 63.82 NOTE
r-devel-linux-x86_64-fedora-gcc 1.7-5 54.22 OK
r-devel-windows-ix86+x86_64 1.7-5 18.00 72.00 90.00 OK
r-patched-linux-x86_64 1.7-5 12.17 36.31 48.48 OK
r-patched-solaris-x86 1.7-5 89.20 OK
r-release-linux-x86_64 1.7-5 11.85 36.39 48.24 OK
r-release-macos-x86_64 1.7-5 OK
r-release-windows-ix86+x86_64 1.7-5 18.00 52.00 70.00 OK
r-oldrel-macos-x86_64 1.7-5 OK
r-oldrel-windows-ix86+x86_64 1.7-5 13.00 69.00 82.00 OK

Check Details

Version: 1.7-5
Check: Rd cross-references
Result: NOTE
    Undeclared package ‘slam’ in Rd xrefs
Flavor: r-devel-linux-x86_64-fedora-clang