CRAN Package Check Results for Package animation

Last updated on 2020-12-01 00:46:35 CET.

Flavor Version Tinstall Tcheck Ttotal Status Flags
r-devel-linux-x86_64-debian-clang 2.6 7.34 39.59 46.93 NOTE
r-devel-linux-x86_64-debian-gcc 2.6 5.61 32.57 38.18 NOTE
r-devel-linux-x86_64-fedora-clang 2.6 61.20 NOTE
r-devel-linux-x86_64-fedora-gcc 2.6 51.60 NOTE
r-devel-windows-ix86+x86_64 2.6 10.00 54.00 64.00 OK
r-patched-linux-x86_64 2.6 7.93 37.41 45.34 NOTE
r-patched-solaris-x86 2.6 70.20 NOTE
r-release-linux-x86_64 2.6 7.51 38.29 45.80 NOTE
r-release-macos-x86_64 2.6 OK
r-release-windows-ix86+x86_64 2.6 11.00 43.00 54.00 OK
r-oldrel-macos-x86_64 2.6 OK
r-oldrel-windows-ix86+x86_64 2.6 8.00 51.00 59.00 OK

Check Details

Version: 2.6
Check: for non-standard things in the check directory
Result: NOTE
    Found the following files/directories:
     'BM-motion-chart.html' 'css' 'images' 'index.html' 'js'
Flavors: r-devel-linux-x86_64-debian-clang, r-devel-linux-x86_64-debian-gcc, r-devel-linux-x86_64-fedora-clang, r-devel-linux-x86_64-fedora-gcc, r-patched-linux-x86_64, r-patched-solaris-x86, r-release-linux-x86_64