Last updated on 2020-12-01 00:46:35 CET.
Flavor | Version | Tinstall | Tcheck | Ttotal | Status | Flags |
---|---|---|---|---|---|---|
r-devel-linux-x86_64-debian-clang | 1.25 | 23.81 | 186.07 | 209.88 | OK | |
r-devel-linux-x86_64-debian-gcc | 1.25 | 14.69 | 141.26 | 155.95 | OK | |
r-devel-linux-x86_64-fedora-clang | 1.25 | 260.66 | NOTE | |||
r-devel-linux-x86_64-fedora-gcc | 1.25 | 242.35 | NOTE | |||
r-devel-windows-ix86+x86_64 | 1.25 | 32.00 | 242.00 | 274.00 | OK | |
r-patched-linux-x86_64 | 1.25 | 23.03 | 180.52 | 203.55 | OK | |
r-patched-solaris-x86 | 1.25 | 301.40 | NOTE | |||
r-release-linux-x86_64 | 1.25 | 22.75 | 180.50 | 203.25 | OK | |
r-release-macos-x86_64 | 1.25 | NOTE | ||||
r-release-windows-ix86+x86_64 | 1.25 | 32.00 | 186.00 | 218.00 | OK | |
r-oldrel-macos-x86_64 | 1.25 | ERROR | ||||
r-oldrel-windows-ix86+x86_64 | 1.25 | 24.00 | 233.00 | 257.00 | OK |
Version: 1.25
Check: data for non-ASCII characters
Result: NOTE
Note: found 1 marked Latin-1 string
Flavors: r-devel-linux-x86_64-fedora-clang, r-devel-linux-x86_64-fedora-gcc, r-patched-solaris-x86, r-release-macos-x86_64, r-oldrel-macos-x86_64
Version: 1.25
Check: dependencies in R code
Result: NOTE
No protocol specified
No protocol specified
Flavor: r-oldrel-macos-x86_64
Version: 1.25
Check: tests
Result: ERROR
Running ‘testthat.R’ [29s/29s]
Running the tests in ‘tests/testthat.R’ failed.
Last 13 lines of output:
x[1]: "+proj=longlat +datum=WGS84 +no_defs +ellps=WGS84 +towgs84=0,0,0"
y[1]: "+proj=longlat +datum=WGS84 +no_defs"
No protocol specified
No protocol specified
── Warning (test-textureTriangleSummary.R:12:3): textureTriangleSummary() works
couldn't connect to display ":0"
══ testthat results ═══════════════════════════════════════════════════════════
FAILURE (test-SPC-objects.R:218:3): SPC spatial operations
Warning (test-textureTriangleSummary.R:12:3): textureTriangleSummary() works as expected
[ FAIL 1 | WARN 1 | SKIP 0 | PASS 908 ]
Error: Test failures
Execution halted
Flavor: r-oldrel-macos-x86_64