Last updated on 2020-12-01 00:46:36 CET.
Flavor | Version | Tinstall | Tcheck | Ttotal | Status | Flags |
---|---|---|---|---|---|---|
r-devel-linux-x86_64-debian-clang | 1.0.0 | 4.41 | 34.23 | 38.64 | OK | |
r-devel-linux-x86_64-debian-gcc | 1.0.0 | 2.64 | 28.78 | 31.42 | OK | |
r-devel-linux-x86_64-fedora-clang | 1.0.0 | 51.33 | NOTE | |||
r-devel-linux-x86_64-fedora-gcc | 1.0.0 | 47.75 | NOTE | |||
r-devel-windows-ix86+x86_64 | 1.0.0 | 8.00 | 51.00 | 59.00 | OK | |
r-patched-linux-x86_64 | 1.0.0 | 3.31 | 34.24 | 37.55 | OK | |
r-patched-solaris-x86 | 1.0.0 | 66.00 | NOTE | |||
r-release-linux-x86_64 | 1.0.0 | 3.44 | 33.38 | 36.82 | OK | |
r-release-macos-x86_64 | 1.0.0 | NOTE | ||||
r-release-windows-ix86+x86_64 | 1.0.0 | 6.00 | 40.00 | 46.00 | OK | |
r-oldrel-macos-x86_64 | 1.0.0 | NOTE | ||||
r-oldrel-windows-ix86+x86_64 | 1.0.0 | 5.00 | 54.00 | 59.00 | OK |
Version: 1.0.0
Check: dependencies in R code
Result: NOTE
Namespaces in Imports field not imported from:
‘purrr’ ‘shinyBS’ ‘shinydashboard’ ‘shinyjs’
All declared Imports should be used.
Flavors: r-devel-linux-x86_64-fedora-clang, r-devel-linux-x86_64-fedora-gcc, r-patched-solaris-x86, r-release-macos-x86_64, r-oldrel-macos-x86_64