Last updated on 2020-12-01 00:46:36 CET.
Flavor | Version | Tinstall | Tcheck | Ttotal | Status | Flags |
---|---|---|---|---|---|---|
r-devel-linux-x86_64-debian-clang | 0.0-3 | 2.38 | 24.49 | 26.87 | OK | |
r-devel-linux-x86_64-debian-gcc | 0.0-3 | 2.12 | 18.44 | 20.56 | OK | |
r-devel-linux-x86_64-fedora-clang | 0.0-3 | 40.05 | NOTE | |||
r-devel-linux-x86_64-fedora-gcc | 0.0-3 | 28.12 | OK | |||
r-devel-windows-ix86+x86_64 | 0.0-3 | 4.00 | 37.00 | 41.00 | OK | |
r-patched-linux-x86_64 | 0.0-3 | 2.53 | 24.33 | 26.86 | OK | |
r-patched-solaris-x86 | 0.0-3 | 46.10 | OK | |||
r-release-linux-x86_64 | 0.0-3 | 2.43 | 22.16 | 24.59 | OK | |
r-release-macos-x86_64 | 0.0-3 | OK | ||||
r-release-windows-ix86+x86_64 | 0.0-3 | 5.00 | 30.00 | 35.00 | OK | |
r-oldrel-macos-x86_64 | 0.0-3 | OK | ||||
r-oldrel-windows-ix86+x86_64 | 0.0-3 | 3.00 | 38.00 | 41.00 | OK |
Version: 0.0-3
Check: Rd cross-references
Result: NOTE
Undeclared package ‘sets’ in Rd xrefs
Flavor: r-devel-linux-x86_64-fedora-clang