CRAN Package Check Results for Package auditor

Last updated on 2020-12-01 00:46:36 CET.

Flavor Version Tinstall Tcheck Ttotal Status Flags
r-devel-linux-x86_64-debian-clang 1.3.0 12.72 212.39 225.11 OK
r-devel-linux-x86_64-debian-gcc 1.3.0 8.88 158.38 167.26 OK
r-devel-linux-x86_64-fedora-clang 1.3.0 262.03 NOTE
r-devel-linux-x86_64-fedora-gcc 1.3.0 259.03 OK
r-devel-windows-ix86+x86_64 1.3.0 20.00 287.00 307.00 OK
r-patched-linux-x86_64 1.3.0 9.98 198.99 208.97 OK
r-patched-solaris-x86 1.3.0 457.80 OK
r-release-linux-x86_64 1.3.0 9.76 201.37 211.13 OK
r-release-macos-x86_64 1.3.0 OK
r-release-windows-ix86+x86_64 1.3.0 15.00 232.00 247.00 OK
r-oldrel-macos-x86_64 1.3.0 OK
r-oldrel-windows-ix86+x86_64 1.3.0 23.00 284.00 307.00 OK

Check Details

Version: 1.3.0
Check: Rd cross-references
Result: NOTE
    Undeclared package ‘gtable’ in Rd xrefs
Flavor: r-devel-linux-x86_64-fedora-clang