Last updated on 2020-12-01 00:46:36 CET.
Flavor | Version | Tinstall | Tcheck | Ttotal | Status | Flags |
---|---|---|---|---|---|---|
r-devel-linux-x86_64-debian-clang | 0.9.3 | 9.12 | 59.39 | 68.51 | OK | |
r-devel-linux-x86_64-debian-gcc | 0.9.3 | 5.91 | 45.72 | 51.63 | OK | |
r-devel-linux-x86_64-fedora-clang | 0.9.3 | 84.39 | NOTE | |||
r-devel-linux-x86_64-fedora-gcc | 0.9.3 | 74.42 | NOTE | |||
r-devel-windows-ix86+x86_64 | 0.9.3 | 16.00 | 81.00 | 97.00 | OK | |
r-patched-linux-x86_64 | 0.9.3 | 6.72 | 57.39 | 64.11 | OK | |
r-patched-solaris-x86 | 0.9.3 | 111.00 | NOTE | |||
r-release-linux-x86_64 | 0.9.3 | 8.19 | 57.02 | 65.21 | OK | |
r-release-macos-x86_64 | 0.9.3 | NOTE | ||||
r-release-windows-ix86+x86_64 | 0.9.3 | 11.00 | 58.00 | 69.00 | OK | |
r-oldrel-macos-x86_64 | 0.9.3 | NOTE | ||||
r-oldrel-windows-ix86+x86_64 | 0.9.3 | 16.00 | 80.00 | 96.00 | OK |
Version: 0.9.3
Check: dependencies in R code
Result: NOTE
Namespace in Imports field not imported from: ‘ranger’
All declared Imports should be used.
Flavors: r-devel-linux-x86_64-fedora-clang, r-devel-linux-x86_64-fedora-gcc, r-patched-solaris-x86, r-release-macos-x86_64, r-oldrel-macos-x86_64