CRAN Package Check Results for Package belg

Last updated on 2020-12-01 00:46:36 CET.

Flavor Version Tinstall Tcheck Ttotal Status Flags
r-devel-linux-x86_64-debian-clang 1.4.1 80.05 48.64 128.69 OK
r-devel-linux-x86_64-debian-gcc 1.4.1 66.46 39.93 106.39 OK
r-devel-linux-x86_64-fedora-clang 1.4.1 156.87 OK
r-devel-linux-x86_64-fedora-gcc 1.4.1 138.38 OK
r-devel-windows-ix86+x86_64 1.4.1 143.00 95.00 238.00 OK
r-patched-linux-x86_64 1.4.1 103.99 47.40 151.39 OK
r-patched-solaris-x86 1.4.1 140.40 OK
r-release-linux-x86_64 1.4.1 104.62 46.39 151.01 OK
r-release-macos-x86_64 1.4.1 OK
r-release-windows-ix86+x86_64 1.4.1 143.00 70.00 213.00 OK
r-oldrel-macos-x86_64 1.4.1 OK
r-oldrel-windows-ix86+x86_64 1.4.1 106.00 83.00 189.00 WARN

Check Details

Version: 1.4.1
Check: re-building of vignette outputs
Result: WARN
    Error(s) in re-building vignettes:
    --- re-building 'belg1.Rmd' using rmarkdown
    Quitting from lines 13-32 (belg1.Rmd)
    Error: processing vignette 'belg1.Rmd' failed with diagnostics:
    package 'lattice' 0.20.38 was found, but >= 0.20.41 is required by 'rasterVis'
    --- failed re-building 'belg1.Rmd'
    
    SUMMARY: processing the following file failed:
     'belg1.Rmd'
    
    Error: Vignette re-building failed.
    Execution halted
Flavor: r-oldrel-windows-ix86+x86_64