Last updated on 2020-12-01 00:46:36 CET.
Flavor | Version | Tinstall | Tcheck | Ttotal | Status | Flags |
---|---|---|---|---|---|---|
r-devel-linux-x86_64-debian-clang | 1.1.1 | 203.44 | 47.05 | 250.49 | OK | |
r-devel-linux-x86_64-debian-gcc | 1.1.1 | 179.31 | 38.63 | 217.94 | OK | |
r-devel-linux-x86_64-fedora-clang | 1.1.1 | 294.30 | NOTE | |||
r-devel-linux-x86_64-fedora-gcc | 1.1.1 | 258.77 | OK | |||
r-devel-windows-ix86+x86_64 | 1.1.1 | 363.00 | 91.00 | 454.00 | OK | |
r-patched-linux-x86_64 | 1.1.1 | 218.67 | 44.53 | 263.20 | OK | |
r-patched-solaris-x86 | 1.1.1 | 242.20 | OK | |||
r-release-linux-x86_64 | 1.1.1 | 218.87 | 46.28 | 265.15 | OK | |
r-release-macos-x86_64 | 1.1.1 | NOTE | ||||
r-release-windows-ix86+x86_64 | 1.1.1 | 269.00 | 75.00 | 344.00 | OK | |
r-oldrel-macos-x86_64 | 1.1.1 | OK | ||||
r-oldrel-windows-ix86+x86_64 | 1.1.1 | 299.00 | 83.00 | 382.00 | OK |
Version: 1.1.1
Check: installed package size
Result: NOTE
installed size is 5.6Mb
sub-directories of 1Mb or more:
libs 5.2Mb
Flavors: r-devel-linux-x86_64-fedora-clang, r-release-macos-x86_64