Last updated on 2020-12-01 00:46:37 CET.
Flavor | Version | Tinstall | Tcheck | Ttotal | Status | Flags |
---|---|---|---|---|---|---|
r-devel-linux-x86_64-debian-clang | 1.6.3 | 5.83 | 58.65 | 64.48 | OK | |
r-devel-linux-x86_64-debian-gcc | 1.6.3 | 4.37 | 45.54 | 49.91 | OK | |
r-devel-linux-x86_64-fedora-clang | 1.6.3 | 83.50 | NOTE | |||
r-devel-linux-x86_64-fedora-gcc | 1.6.3 | 76.44 | OK | |||
r-devel-windows-ix86+x86_64 | 1.6.3 | 14.00 | 85.00 | 99.00 | OK | |
r-patched-linux-x86_64 | 1.6.3 | 5.83 | 58.85 | 64.68 | OK | |
r-patched-solaris-x86 | 1.6.3 | 108.10 | OK | |||
r-release-linux-x86_64 | 1.6.3 | 5.94 | 56.46 | 62.40 | OK | |
r-release-macos-x86_64 | 1.6.3 | OK | ||||
r-release-windows-ix86+x86_64 | 1.6.3 | 10.00 | 62.00 | 72.00 | OK | |
r-oldrel-macos-x86_64 | 1.6.3 | OK | ||||
r-oldrel-windows-ix86+x86_64 | 1.6.3 | 7.00 | 87.00 | 94.00 | OK |
Version: 1.6.3
Check: Rd cross-references
Result: NOTE
Undeclared package ‘seqinr’ in Rd xrefs
Flavor: r-devel-linux-x86_64-fedora-clang