CRAN Package Check Results for Package biomod2

Last updated on 2020-12-01 00:46:37 CET.

Flavor Version Tinstall Tcheck Ttotal Status Flags
r-devel-linux-x86_64-debian-clang 3.4.6 61.45 271.63 333.08 NOTE
r-devel-linux-x86_64-debian-gcc 3.4.6 36.88 202.77 239.65 NOTE
r-devel-linux-x86_64-fedora-clang 3.4.6 397.76 NOTE
r-devel-linux-x86_64-fedora-gcc 3.4.6 376.23 NOTE
r-devel-windows-ix86+x86_64 3.4.6 86.00 313.00 399.00 OK
r-patched-linux-x86_64 3.4.6 44.14 249.97 294.11 NOTE
r-patched-solaris-x86 3.4.6 501.00 NOTE
r-release-linux-x86_64 3.4.6 42.91 249.72 292.63 NOTE
r-release-macos-x86_64 3.4.6 OK
r-release-windows-ix86+x86_64 3.4.6 67.00 226.00 293.00 OK
r-oldrel-macos-x86_64 3.4.6 OK
r-oldrel-windows-ix86+x86_64 3.4.6 63.00 308.00 371.00 OK

Check Details

Version: 3.4.6
Check: for non-standard things in the check directory
Result: NOTE
    Found the following files/directories:
     'GuloGulo'
Flavors: r-devel-linux-x86_64-debian-clang, r-devel-linux-x86_64-debian-gcc, r-devel-linux-x86_64-fedora-clang, r-devel-linux-x86_64-fedora-gcc, r-patched-linux-x86_64, r-patched-solaris-x86, r-release-linux-x86_64

Version: 3.4.6
Check: package dependencies
Result: NOTE
    Imports includes 27 non-default packages.
    Importing from so many packages makes the package vulnerable to any of
    them becoming unavailable. Move as many as possible to Suggests and
    use conditionally.
Flavor: r-devel-linux-x86_64-fedora-clang