Last updated on 2020-12-01 00:46:37 CET.
Flavor | Version | Tinstall | Tcheck | Ttotal | Status | Flags |
---|---|---|---|---|---|---|
r-devel-linux-x86_64-debian-clang | 0.1.5 | 15.03 | 88.12 | 103.15 | OK | |
r-devel-linux-x86_64-debian-gcc | 0.1.5 | 10.89 | 68.68 | 79.57 | OK | |
r-devel-linux-x86_64-fedora-clang | 0.1.5 | 121.40 | NOTE | |||
r-devel-linux-x86_64-fedora-gcc | 0.1.5 | 113.40 | OK | |||
r-devel-windows-ix86+x86_64 | 0.1.5 | 24.00 | 114.00 | 138.00 | NOTE | |
r-patched-linux-x86_64 | 0.1.5 | 11.60 | 83.02 | 94.62 | OK | |
r-patched-solaris-x86 | 0.1.5 | 166.70 | NOTE | |||
r-release-linux-x86_64 | 0.1.5 | 11.24 | 81.46 | 92.70 | OK | |
r-release-macos-x86_64 | 0.1.5 | NOTE | ||||
r-release-windows-ix86+x86_64 | 0.1.5 | 23.00 | 81.00 | 104.00 | NOTE | |
r-oldrel-macos-x86_64 | 0.1.5 | NOTE | ||||
r-oldrel-windows-ix86+x86_64 | 0.1.5 | 18.00 | 110.00 | 128.00 | NOTE |
Version: 0.1.5
Check: installed package size
Result: NOTE
installed size is 6.2Mb
sub-directories of 1Mb or more:
doc 5.6Mb
Flavors: r-devel-linux-x86_64-fedora-clang, r-devel-windows-ix86+x86_64, r-patched-solaris-x86, r-release-macos-x86_64, r-release-windows-ix86+x86_64, r-oldrel-macos-x86_64, r-oldrel-windows-ix86+x86_64