CRAN Package Check Results for Package bipartite

Last updated on 2020-12-01 00:46:37 CET.

Flavor Version Tinstall Tcheck Ttotal Status Flags
r-devel-linux-x86_64-debian-clang 2.15 39.26 241.25 280.51 OK
r-devel-linux-x86_64-debian-gcc 2.15 29.22 170.51 199.73 OK
r-devel-linux-x86_64-fedora-clang 2.15 334.57 OK
r-devel-linux-x86_64-fedora-gcc 2.15 310.31 OK
r-devel-windows-ix86+x86_64 2.15 58.00 357.00 415.00 NOTE
r-patched-linux-x86_64 2.15 40.40 219.64 260.04 OK
r-patched-solaris-x86 2.15 387.30 OK
r-release-linux-x86_64 2.15 34.76 219.92 254.68 OK
r-release-macos-x86_64 2.15 OK
r-release-windows-ix86+x86_64 2.15 50.00 258.00 308.00 NOTE
r-oldrel-macos-x86_64 2.15 OK
r-oldrel-windows-ix86+x86_64 2.15 46.00 335.00 381.00 NOTE

Check Details

Version: 2.15
Check: installed package size
Result: NOTE
     installed size is 5.8Mb
     sub-directories of 1Mb or more:
     doc 2.9Mb
     libs 2.0Mb
Flavors: r-devel-windows-ix86+x86_64, r-release-windows-ix86+x86_64, r-oldrel-windows-ix86+x86_64