Last updated on 2020-12-01 00:46:37 CET.
Flavor | Version | Tinstall | Tcheck | Ttotal | Status | Flags |
---|---|---|---|---|---|---|
r-devel-linux-x86_64-debian-clang | 0.3-12 | 385.89 | 226.90 | 612.79 | NOTE | |
r-devel-linux-x86_64-debian-gcc | 0.3-12 | 438.12 | 176.32 | 614.44 | NOTE | |
r-devel-linux-x86_64-fedora-clang | 0.3-12 | 670.77 | NOTE | |||
r-devel-linux-x86_64-fedora-gcc | 0.3-12 | 641.13 | NOTE | |||
r-devel-windows-ix86+x86_64 | 0.3-12 | 555.00 | 389.00 | 944.00 | NOTE | |
r-patched-linux-x86_64 | 0.3-12 | 330.59 | 217.18 | 547.77 | NOTE | |
r-patched-solaris-x86 | 0.3-12 | 705.40 | NOTE | |||
r-release-linux-x86_64 | 0.3-12 | 1.13 | 5.41 | 6.54 | ERROR | |
r-release-macos-x86_64 | 0.3-12 | NOTE | ||||
r-release-windows-ix86+x86_64 | 0.3-12 | 395.00 | 304.00 | 699.00 | NOTE | |
r-oldrel-macos-x86_64 | 0.3-12 | NOTE | ||||
r-oldrel-windows-ix86+x86_64 | 0.3-12 | 406.00 | 363.00 | 769.00 | NOTE |
Version: 0.3-12
Check: for GNU extensions in Makefiles
Result: NOTE
GNU make is a SystemRequirements.
Flavors: r-devel-linux-x86_64-debian-clang, r-devel-linux-x86_64-debian-gcc, r-devel-linux-x86_64-fedora-clang, r-devel-linux-x86_64-fedora-gcc, r-devel-windows-ix86+x86_64, r-patched-linux-x86_64, r-patched-solaris-x86, r-release-macos-x86_64, r-release-windows-ix86+x86_64, r-oldrel-macos-x86_64, r-oldrel-windows-ix86+x86_64
Version: 0.3-12
Check: installed package size
Result: NOTE
installed size is 63.0Mb
sub-directories of 1Mb or more:
libs 61.4Mb
Flavors: r-devel-linux-x86_64-fedora-clang, r-devel-windows-ix86+x86_64, r-release-macos-x86_64, r-release-windows-ix86+x86_64, r-oldrel-macos-x86_64, r-oldrel-windows-ix86+x86_64
Version: 0.3-12
Check: whether package can be installed
Result: ERROR
Installation failed.
Flavor: r-release-linux-x86_64