Last updated on 2020-12-01 00:46:37 CET.
Flavor | Version | Tinstall | Tcheck | Ttotal | Status | Flags |
---|---|---|---|---|---|---|
r-devel-linux-x86_64-debian-clang | 0.4.5 | 144.46 | 106.57 | 251.03 | OK | |
r-devel-linux-x86_64-debian-gcc | 0.4.5 | 145.94 | 73.47 | 219.41 | OK | |
r-devel-linux-x86_64-fedora-clang | 0.4.5 | 295.51 | NOTE | |||
r-devel-linux-x86_64-fedora-gcc | 0.4.5 | 263.59 | OK | |||
r-devel-windows-ix86+x86_64 | 0.4.5 | 256.00 | 218.00 | 474.00 | OK | |
r-patched-linux-x86_64 | 0.4.5 | 209.14 | 102.51 | 311.65 | OK | |
r-patched-solaris-x86 | 0.4.5 | 230.20 | OK | |||
r-release-linux-x86_64 | 0.4.5 | 209.00 | 101.56 | 310.56 | OK | |
r-release-macos-x86_64 | 0.4.5 | NOTE | ||||
r-release-windows-ix86+x86_64 | 0.4.5 | 245.00 | 171.00 | 416.00 | OK | |
r-oldrel-macos-x86_64 | 0.4.5 | NOTE | ||||
r-oldrel-windows-ix86+x86_64 | 0.4.5 | 186.00 | 198.00 | 384.00 | OK |
Version: 0.4.5
Check: installed package size
Result: NOTE
installed size is 8.0Mb
sub-directories of 1Mb or more:
libs 7.1Mb
Flavors: r-devel-linux-x86_64-fedora-clang, r-release-macos-x86_64, r-oldrel-macos-x86_64