CRAN Package Check Results for Package bnviewer

Last updated on 2020-12-01 00:46:37 CET.

Flavor Version Tinstall Tcheck Ttotal Status Flags
r-devel-linux-x86_64-debian-clang 0.1.6 5.34 40.32 45.66 OK
r-devel-linux-x86_64-debian-gcc 0.1.6 4.17 32.27 36.44 OK
r-devel-linux-x86_64-fedora-clang 0.1.6 59.49 NOTE
r-devel-linux-x86_64-fedora-gcc 0.1.6 48.98 NOTE
r-devel-windows-ix86+x86_64 0.1.6 8.00 58.00 66.00 OK
r-patched-linux-x86_64 0.1.6 4.41 41.19 45.60 OK
r-patched-solaris-x86 0.1.6 85.70 NOTE
r-release-linux-x86_64 0.1.6 4.22 40.66 44.88 OK
r-release-macos-x86_64 0.1.6 NOTE
r-release-windows-ix86+x86_64 0.1.6 6.00 44.00 50.00 OK
r-oldrel-macos-x86_64 0.1.6 NOTE
r-oldrel-windows-ix86+x86_64 0.1.6 12.00 54.00 66.00 OK

Check Details

Version: 0.1.6
Check: dependencies in R code
Result: NOTE
    Namespaces in Imports field not imported from:
     ‘caret’ ‘e1071’
     All declared Imports should be used.
Flavors: r-devel-linux-x86_64-fedora-clang, r-devel-linux-x86_64-fedora-gcc, r-patched-solaris-x86, r-release-macos-x86_64, r-oldrel-macos-x86_64