Last updated on 2020-12-01 00:46:37 CET.
Flavor | Version | Tinstall | Tcheck | Ttotal | Status | Flags |
---|---|---|---|---|---|---|
r-devel-linux-x86_64-debian-clang | 0.14.0 | 19.24 | 129.40 | 148.64 | OK | |
r-devel-linux-x86_64-debian-gcc | 0.14.0 | 12.75 | 95.66 | 108.41 | OK | |
r-devel-linux-x86_64-fedora-clang | 0.14.0 | 175.17 | NOTE | |||
r-devel-linux-x86_64-fedora-gcc | 0.14.0 | 166.19 | NOTE | |||
r-devel-windows-ix86+x86_64 | 0.14.0 | 36.00 | 151.00 | 187.00 | OK | |
r-patched-linux-x86_64 | 0.14.0 | 16.47 | 118.02 | 134.49 | OK | |
r-patched-solaris-x86 | 0.14.0 | 235.60 | NOTE | |||
r-release-linux-x86_64 | 0.14.0 | 14.79 | 118.17 | 132.96 | OK | |
r-release-macos-x86_64 | 0.14.0 | NOTE | ||||
r-release-windows-ix86+x86_64 | 0.14.0 | 25.00 | 111.00 | 136.00 | OK | |
r-oldrel-macos-x86_64 | 0.14.0 | NOTE | ||||
r-oldrel-windows-ix86+x86_64 | 0.14.0 | 22.00 | 141.00 | 163.00 | OK |
Version: 0.14.0
Check: data for non-ASCII characters
Result: NOTE
Note: found 59 marked UTF-8 strings
Flavors: r-devel-linux-x86_64-fedora-clang, r-devel-linux-x86_64-fedora-gcc, r-patched-solaris-x86, r-release-macos-x86_64, r-oldrel-macos-x86_64