CRAN Package Check Results for Package cartools

Last updated on 2020-12-01 00:46:38 CET.

Flavor Version Tinstall Tcheck Ttotal Status Flags
r-devel-linux-x86_64-debian-clang 0.1.0 12.77 63.99 76.76 NOTE
r-devel-linux-x86_64-debian-gcc 0.1.0 8.25 49.86 58.11 NOTE
r-devel-linux-x86_64-fedora-clang 0.1.0 98.65 NOTE
r-devel-linux-x86_64-fedora-gcc 0.1.0 84.26 NOTE
r-devel-windows-ix86+x86_64 0.1.0 17.00 81.00 98.00 NOTE
r-patched-linux-x86_64 0.1.0 10.15 60.90 71.05 NOTE
r-patched-solaris-x86 0.1.0 111.10 NOTE
r-release-linux-x86_64 0.1.0 9.36 59.36 68.72 NOTE
r-release-macos-x86_64 0.1.0 NOTE
r-release-windows-ix86+x86_64 0.1.0 13.00 61.00 74.00 NOTE
r-oldrel-macos-x86_64 0.1.0 NOTE
r-oldrel-windows-ix86+x86_64 0.1.0 14.00 78.00 92.00 OK

Check Details

Version: 0.1.0
Check: package vignettes
Result: NOTE
    Package vignette with placeholder title 'Vignette Title':
     'cartools.Rmd'
Flavors: r-devel-linux-x86_64-debian-clang, r-devel-linux-x86_64-debian-gcc, r-devel-windows-ix86+x86_64, r-patched-linux-x86_64, r-release-linux-x86_64, r-release-windows-ix86+x86_64

Version: 0.1.0
Check: dependencies in R code
Result: NOTE
    Namespaces in Imports field not imported from:
     ‘animation’ ‘devtools’ ‘gapminder’ ‘knitr’ ‘rlist’ ‘rmarkdown’
     ‘roxygen2’ ‘sde’ ‘shiny’ ‘tidyverse’ ‘usethis’ ‘utils’
     All declared Imports should be used.
Flavors: r-devel-linux-x86_64-fedora-clang, r-devel-linux-x86_64-fedora-gcc, r-patched-solaris-x86, r-release-macos-x86_64, r-oldrel-macos-x86_64