CRAN Package Check Results for Package casebase

Last updated on 2020-12-01 00:46:38 CET.

Flavor Version Tinstall Tcheck Ttotal Status Flags
r-devel-linux-x86_64-debian-clang 0.9.0 15.72 382.20 397.92 OK
r-devel-linux-x86_64-debian-gcc 0.9.0 11.33 276.33 287.66 OK
r-devel-linux-x86_64-fedora-clang 0.9.0 457.22 OK
r-devel-linux-x86_64-fedora-gcc 0.9.0 443.84 OK
r-devel-windows-ix86+x86_64 0.9.0 32.00 474.00 506.00 OK
r-patched-linux-x86_64 0.9.0 12.59 353.53 366.12 OK
r-patched-solaris-x86 0.9.0 720.00 NOTE
r-release-linux-x86_64 0.9.0 14.93 348.06 362.99 OK
r-release-macos-x86_64 0.9.0 OK
r-release-windows-ix86+x86_64 0.9.0 26.00 363.00 389.00 OK
r-oldrel-macos-x86_64 0.9.0 OK
r-oldrel-windows-ix86+x86_64 0.9.0 20.00 477.00 497.00 OK

Check Details

Version: 0.9.0
Check: installed package size
Result: NOTE
     installed size is 5.3Mb
     sub-directories of 1Mb or more:
     doc 3.9Mb
Flavor: r-patched-solaris-x86