CRAN Package Check Results for Package catfun

Last updated on 2020-12-01 00:46:38 CET.

Flavor Version Tinstall Tcheck Ttotal Status Flags
r-devel-linux-x86_64-debian-clang 0.1.4 13.40 90.74 104.14 OK
r-devel-linux-x86_64-debian-gcc 0.1.4 9.42 69.34 78.76 OK
r-devel-linux-x86_64-fedora-clang 0.1.4 127.06 NOTE
r-devel-linux-x86_64-fedora-gcc 0.1.4 116.76 NOTE
r-devel-windows-ix86+x86_64 0.1.4 25.00 115.00 140.00 OK
r-patched-linux-x86_64 0.1.4 12.28 83.79 96.07 OK
r-patched-solaris-x86 0.1.4 173.80 NOTE
r-release-linux-x86_64 0.1.4 12.60 84.59 97.19 OK
r-release-macos-x86_64 0.1.4 NOTE
r-release-windows-ix86+x86_64 0.1.4 19.00 92.00 111.00 OK
r-oldrel-macos-x86_64 0.1.4 NOTE
r-oldrel-windows-ix86+x86_64 0.1.4 22.00 110.00 132.00 OK

Check Details

Version: 0.1.4
Check: dependencies in R code
Result: NOTE
    Namespaces in Imports field not imported from:
     ‘broom’ ‘epitools’
     All declared Imports should be used.
Flavors: r-devel-linux-x86_64-fedora-clang, r-devel-linux-x86_64-fedora-gcc, r-patched-solaris-x86, r-release-macos-x86_64, r-oldrel-macos-x86_64