CRAN Package Check Results for Package cellWise

Last updated on 2020-12-01 00:46:38 CET.

Flavor Version Tinstall Tcheck Ttotal Status Flags
r-devel-linux-x86_64-debian-clang 2.2.2 148.96 232.56 381.52 OK
r-devel-linux-x86_64-debian-gcc 2.2.2 145.83 169.08 314.91 OK
r-devel-linux-x86_64-fedora-clang 2.2.2 451.38 NOTE
r-devel-linux-x86_64-fedora-gcc 2.2.2 605.30 OK
r-devel-windows-ix86+x86_64 2.2.2 263.00 293.00 556.00 NOTE
r-patched-linux-x86_64 2.2.2 164.15 221.72 385.87 OK
r-patched-solaris-x86 2.2.2 468.60 NOTE
r-release-linux-x86_64 2.2.1 159.18 216.81 375.99 OK
r-release-macos-x86_64 2.2.2 NOTE
r-release-windows-ix86+x86_64 2.2.1 180.00 222.00 402.00 NOTE
r-oldrel-macos-x86_64 2.2.2 NOTE
r-oldrel-windows-ix86+x86_64 2.2.2 169.00 230.00 399.00 NOTE

Check Details

Version: 2.2.2
Check: installed package size
Result: NOTE
     installed size is 13.6Mb
     sub-directories of 1Mb or more:
     data 3.2Mb
     doc 1.8Mb
     libs 8.2Mb
Flavors: r-devel-linux-x86_64-fedora-clang, r-devel-windows-ix86+x86_64, r-patched-solaris-x86, r-release-macos-x86_64, r-oldrel-macos-x86_64, r-oldrel-windows-ix86+x86_64

Version: 2.2.1
Check: installed package size
Result: NOTE
     installed size is 8.2Mb
     sub-directories of 1Mb or more:
     data 3.2Mb
     doc 1.8Mb
     libs 2.9Mb
Flavor: r-release-windows-ix86+x86_64