Last updated on 2020-12-01 00:46:38 CET.
Flavor | Version | Tinstall | Tcheck | Ttotal | Status | Flags |
---|---|---|---|---|---|---|
r-devel-linux-x86_64-debian-clang | 0.7.6 | 9.02 | 48.68 | 57.70 | OK | |
r-devel-linux-x86_64-debian-gcc | 0.7.6 | 5.70 | 39.10 | 44.80 | OK | |
r-devel-linux-x86_64-fedora-clang | 0.7.6 | 72.40 | NOTE | |||
r-devel-linux-x86_64-fedora-gcc | 0.7.6 | 62.03 | NOTE | |||
r-devel-windows-ix86+x86_64 | 0.7.6 | 17.00 | 65.00 | 82.00 | OK | |
r-patched-linux-x86_64 | 0.7.6 | 8.36 | 45.10 | 53.46 | OK | |
r-patched-solaris-x86 | 0.7.6 | 89.60 | NOTE | |||
r-release-linux-x86_64 | 0.7.6 | 7.26 | 45.55 | 52.81 | OK | |
r-release-macos-x86_64 | 0.7.6 | NOTE | ||||
r-release-windows-ix86+x86_64 | 0.7.6 | 13.00 | 49.00 | 62.00 | OK | |
r-oldrel-macos-x86_64 | 0.7.6 | NOTE | ||||
r-oldrel-windows-ix86+x86_64 | 0.7.6 | 10.00 | 63.00 | 73.00 | OK |
Version: 0.7.6
Check: dependencies in R code
Result: NOTE
Namespace in Imports field not imported from: ‘gamlss.dist’
All declared Imports should be used.
Flavors: r-devel-linux-x86_64-fedora-clang, r-devel-linux-x86_64-fedora-gcc, r-patched-solaris-x86, r-release-macos-x86_64, r-oldrel-macos-x86_64
Version: 0.7.6
Check: data for non-ASCII characters
Result: NOTE
Note: found 29 marked UTF-8 strings
Flavors: r-devel-linux-x86_64-fedora-clang, r-devel-linux-x86_64-fedora-gcc, r-patched-solaris-x86, r-release-macos-x86_64, r-oldrel-macos-x86_64