Last updated on 2020-12-01 00:46:38 CET.
Flavor | Version | Tinstall | Tcheck | Ttotal | Status | Flags |
---|---|---|---|---|---|---|
r-devel-linux-x86_64-debian-clang | 0.2 | 4.12 | 29.48 | 33.60 | OK | |
r-devel-linux-x86_64-debian-gcc | 0.2 | 2.43 | 23.08 | 25.51 | OK | |
r-devel-linux-x86_64-fedora-clang | 0.2 | 43.92 | NOTE | |||
r-devel-linux-x86_64-fedora-gcc | 0.2 | 35.04 | NOTE | |||
r-devel-windows-ix86+x86_64 | 0.2 | 6.00 | 46.00 | 52.00 | OK | |
r-patched-linux-x86_64 | 0.2 | 3.77 | 27.44 | 31.21 | OK | |
r-patched-solaris-x86 | 0.2 | 53.40 | NOTE | |||
r-release-linux-x86_64 | 0.2 | 4.10 | 28.03 | 32.13 | OK | |
r-release-macos-x86_64 | 0.2 | NOTE | ||||
r-release-windows-ix86+x86_64 | 0.2 | 7.00 | 36.00 | 43.00 | OK | |
r-oldrel-macos-x86_64 | 0.2 | NOTE | ||||
r-oldrel-windows-ix86+x86_64 | 0.2 | 4.00 | 42.00 | 46.00 | OK |
Version: 0.2
Check: dependencies in R code
Result: NOTE
Namespace in Imports field not imported from: ‘htmltools’
All declared Imports should be used.
Flavors: r-devel-linux-x86_64-fedora-clang, r-devel-linux-x86_64-fedora-gcc, r-patched-solaris-x86, r-release-macos-x86_64, r-oldrel-macos-x86_64