Last updated on 2020-12-01 00:46:38 CET.
Flavor | Version | Tinstall | Tcheck | Ttotal | Status | Flags |
---|---|---|---|---|---|---|
r-devel-linux-x86_64-debian-clang | 0.4 | 2.85 | 30.48 | 33.33 | NOTE | |
r-devel-linux-x86_64-debian-gcc | 0.4 | 2.32 | 23.95 | 26.27 | NOTE | |
r-devel-linux-x86_64-fedora-clang | 0.4 | 47.12 | NOTE | |||
r-devel-linux-x86_64-fedora-gcc | 0.4 | 36.79 | NOTE | |||
r-devel-windows-ix86+x86_64 | 0.4 | 4.00 | 47.00 | 51.00 | NOTE | |
r-patched-linux-x86_64 | 0.4 | 2.59 | 30.49 | 33.08 | NOTE | |
r-patched-solaris-x86 | 0.4 | 56.20 | NOTE | |||
r-release-linux-x86_64 | 0.4 | 2.72 | 30.54 | 33.26 | NOTE | |
r-release-macos-x86_64 | 0.4 | NOTE | ||||
r-release-windows-ix86+x86_64 | 0.4 | 5.00 | 35.00 | 40.00 | NOTE | |
r-oldrel-macos-x86_64 | 0.4 | NOTE | ||||
r-oldrel-windows-ix86+x86_64 | 0.4 | 3.00 | 44.00 | 47.00 | NOTE |
Version: 0.4
Check: package dependencies
Result: NOTE
Package suggested but not available for checking: 'rggobi'
Flavors: r-devel-linux-x86_64-debian-clang, r-devel-linux-x86_64-debian-gcc, r-devel-linux-x86_64-fedora-clang, r-devel-linux-x86_64-fedora-gcc, r-patched-linux-x86_64, r-patched-solaris-x86, r-release-linux-x86_64, r-release-macos-x86_64, r-oldrel-macos-x86_64
Version: 0.4
Check: dependencies in R code
Result: NOTE
'library' or 'require' call to 'rggobi' in package code.
Please use :: or requireNamespace() instead.
See section 'Suggested packages' in the 'Writing R Extensions' manual.
Flavors: r-devel-linux-x86_64-debian-clang, r-devel-linux-x86_64-debian-gcc, r-devel-linux-x86_64-fedora-clang, r-devel-linux-x86_64-fedora-gcc, r-devel-windows-ix86+x86_64, r-patched-linux-x86_64, r-patched-solaris-x86, r-release-linux-x86_64, r-release-macos-x86_64, r-release-windows-ix86+x86_64, r-oldrel-macos-x86_64, r-oldrel-windows-ix86+x86_64
Version: 0.4
Check: R code for possible problems
Result: NOTE
generate_data : <anonymous>: no visible global function definition for
'runif'
knnf: no visible global function definition for 'terms'
rescaler.default: no visible global function definition for 'sd'
rescaler.default: no visible global function definition for 'median'
rescaler.default: no visible global function definition for 'mad'
simvar.numeric: no visible global function definition for 'runif'
Undefined global functions or variables:
mad median runif sd terms
Consider adding
importFrom("stats", "mad", "median", "runif", "sd", "terms")
to your NAMESPACE file.
Flavors: r-devel-linux-x86_64-debian-clang, r-devel-linux-x86_64-debian-gcc, r-devel-linux-x86_64-fedora-clang, r-devel-linux-x86_64-fedora-gcc, r-devel-windows-ix86+x86_64, r-patched-linux-x86_64, r-patched-solaris-x86, r-release-linux-x86_64, r-release-macos-x86_64, r-release-windows-ix86+x86_64, r-oldrel-macos-x86_64, r-oldrel-windows-ix86+x86_64
Version: 0.4
Check: Rd cross-references
Result: NOTE
Undeclared package ‘reshape’ in Rd xrefs
Flavor: r-devel-linux-x86_64-fedora-clang