CRAN Package Check Results for Package clusterSim

Last updated on 2020-12-01 00:46:38 CET.

Flavor Version Tinstall Tcheck Ttotal Status Flags
r-devel-linux-x86_64-debian-clang 0.49-1 18.57 101.80 120.37 OK
r-devel-linux-x86_64-debian-gcc 0.49-1 12.82 81.86 94.68 OK
r-devel-linux-x86_64-fedora-clang 0.49-1 142.38 OK
r-devel-linux-x86_64-fedora-gcc 0.49-1 135.53 OK
r-devel-windows-ix86+x86_64 0.49-1 29.00 173.00 202.00 OK
r-patched-linux-x86_64 0.49-1 14.25 96.60 110.85 OK
r-patched-solaris-x86 0.49-1 178.50 OK
r-release-linux-x86_64 0.49-1 16.73 96.01 112.74 OK
r-release-macos-x86_64 0.49-1 OK
r-release-windows-ix86+x86_64 0.49-1 6.00 5.00 11.00 ERROR
r-oldrel-macos-x86_64 0.49-1 WARN
r-oldrel-windows-ix86+x86_64 0.49-1 22.00 159.00 181.00 OK

Check Details

Version: 0.49-1
Check: whether package can be installed
Result: ERROR
    Installation failed.
Flavor: r-release-windows-ix86+x86_64

Version: 0.49-1
Check: whether package can be installed
Result: WARN
    Found the following significant warnings:
     Warning: 'rgl.init' failed, running with 'rgl.useNULL = TRUE'.
Flavor: r-oldrel-macos-x86_64