CRAN Package Check Results for Package clustermq

Last updated on 2020-12-01 00:46:38 CET.

Flavor Version Tinstall Tcheck Ttotal Status Flags
r-devel-linux-x86_64-debian-clang 0.8.95.1 54.47 61.81 116.28 OK
r-devel-linux-x86_64-debian-gcc 0.8.95.1 52.31 49.88 102.19 OK
r-devel-linux-x86_64-fedora-clang 0.8.95.1 142.34 NOTE
r-devel-linux-x86_64-fedora-gcc 0.8.95.1 127.40 NOTE
r-devel-windows-ix86+x86_64 0.8.95.1 101.00 119.00 220.00 OK
r-patched-linux-x86_64 0.8.95.1 74.78 59.44 134.22 OK
r-patched-solaris-x86 0.8.95.1 153.00 NOTE
r-release-linux-x86_64 0.8.95.1 61.86 59.39 121.25 OK
r-release-macos-x86_64 0.8.95.1 NOTE
r-release-windows-ix86+x86_64 0.8.95.1 76.00 91.00 167.00 OK
r-oldrel-macos-x86_64 0.8.95.1 NOTE
r-oldrel-windows-ix86+x86_64 0.8.95.1 78.00 104.00 182.00 OK

Check Details

Version: 0.8.95.1
Check: top-level files
Result: NOTE
    ‘configure’: ‘env bash’ is not portable as bash need not be installed
Flavors: r-devel-linux-x86_64-fedora-clang, r-devel-linux-x86_64-fedora-gcc

Version: 0.8.95.1
Check: dependencies in R code
Result: NOTE
    Namespaces in Imports field not imported from:
     ‘R6’ ‘methods’ ‘purrr’
     All declared Imports should be used.
Flavors: r-devel-linux-x86_64-fedora-clang, r-devel-linux-x86_64-fedora-gcc, r-patched-solaris-x86, r-release-macos-x86_64, r-oldrel-macos-x86_64

Version: 0.8.95.1
Check: installed package size
Result: NOTE
     installed size is 13.8Mb
     sub-directories of 1Mb or more:
     libs 12.8Mb
Flavor: r-release-macos-x86_64