Last updated on 2020-12-01 00:46:38 CET.
Flavor | Version | Tinstall | Tcheck | Ttotal | Status | Flags |
---|---|---|---|---|---|---|
r-devel-linux-x86_64-debian-clang | 2.3 | 2.00 | 20.79 | 22.79 | NOTE | |
r-devel-linux-x86_64-debian-gcc | 2.3 | 1.52 | 18.71 | 20.23 | NOTE | |
r-devel-linux-x86_64-fedora-clang | 2.3 | 35.55 | NOTE | |||
r-devel-linux-x86_64-fedora-gcc | 2.3 | 26.01 | NOTE | |||
r-devel-windows-ix86+x86_64 | 2.3 | 4.00 | 32.00 | 36.00 | NOTE | |
r-patched-linux-x86_64 | 2.3 | 2.02 | 22.02 | 24.04 | NOTE | |
r-patched-solaris-x86 | 2.3 | 39.90 | NOTE | |||
r-release-linux-x86_64 | 2.3 | 2.05 | 21.29 | 23.34 | NOTE | |
r-release-macos-x86_64 | 2.3 | NOTE | ||||
r-release-windows-ix86+x86_64 | 2.3 | 4.00 | 27.00 | 31.00 | NOTE | |
r-oldrel-macos-x86_64 | 2.3 | NOTE | ||||
r-oldrel-windows-ix86+x86_64 | 2.3 | 4.00 | 42.00 | 46.00 | NOTE |
Version: 2.3
Check: DESCRIPTION meta-information
Result: NOTE
Malformed Description field: should contain one or more complete sentences.
Flavors: r-devel-linux-x86_64-debian-clang, r-devel-linux-x86_64-debian-gcc, r-devel-linux-x86_64-fedora-clang, r-devel-linux-x86_64-fedora-gcc, r-devel-windows-ix86+x86_64, r-patched-linux-x86_64, r-patched-solaris-x86, r-release-linux-x86_64, r-release-macos-x86_64, r-release-windows-ix86+x86_64, r-oldrel-macos-x86_64, r-oldrel-windows-ix86+x86_64
Version: 2.3
Check: R code for possible problems
Result: NOTE
primary.colors: no visible global function definition for 'rgb'
rgb.tables: no visible global function definition for 'rgb'
ygobb: no visible global function definition for 'approx'
ygobb: no visible global function definition for 'rgb'
Undefined global functions or variables:
approx rgb
Consider adding
importFrom("grDevices", "rgb")
importFrom("stats", "approx")
to your NAMESPACE file.
Flavors: r-devel-linux-x86_64-debian-clang, r-devel-linux-x86_64-debian-gcc, r-devel-linux-x86_64-fedora-clang, r-devel-linux-x86_64-fedora-gcc, r-devel-windows-ix86+x86_64, r-patched-linux-x86_64, r-patched-solaris-x86, r-release-linux-x86_64, r-release-macos-x86_64, r-release-windows-ix86+x86_64, r-oldrel-macos-x86_64, r-oldrel-windows-ix86+x86_64