Last updated on 2020-12-01 00:46:38 CET.
Flavor | Version | Tinstall | Tcheck | Ttotal | Status | Flags |
---|---|---|---|---|---|---|
r-devel-linux-x86_64-debian-clang | 0.1.0 | 6.66 | 40.17 | 46.83 | OK | |
r-devel-linux-x86_64-debian-gcc | 0.1.0 | 4.33 | 30.72 | 35.05 | OK | |
r-devel-linux-x86_64-fedora-clang | 0.1.0 | 60.52 | OK | |||
r-devel-linux-x86_64-fedora-gcc | 0.1.0 | 50.75 | OK | |||
r-devel-windows-ix86+x86_64 | 0.1.0 | 12.00 | 57.00 | 69.00 | OK | |
r-patched-linux-x86_64 | 0.1.0 | 5.56 | 38.77 | 44.33 | OK | |
r-patched-solaris-x86 | 0.1.0 | 80.90 | NOTE | |||
r-release-linux-x86_64 | 0.1.0 | 5.72 | 38.41 | 44.13 | OK | |
r-release-macos-x86_64 | 0.1.0 | OK | ||||
r-release-windows-ix86+x86_64 | 0.1.0 | 9.00 | 45.00 | 54.00 | OK | |
r-oldrel-macos-x86_64 | 0.1.0 | NOTE | ||||
r-oldrel-windows-ix86+x86_64 | 0.1.0 | 9.00 | 54.00 | 63.00 | NOTE |
Version: 0.1.0
Check: package dependencies
Result: NOTE
Package suggested but not available for checking: ‘gifski’
Flavor: r-patched-solaris-x86
Version: 0.1.0
Check: R code for possible problems
Result: NOTE
juxtapose_wh: no visible global function definition for ‘plot’
plot_img: no visible global function definition for ‘plot’
Undefined global functions or variables:
plot
Consider adding
importFrom("graphics", "plot")
to your NAMESPACE file.
Flavors: r-oldrel-macos-x86_64, r-oldrel-windows-ix86+x86_64