Last updated on 2020-12-01 00:46:38 CET.
Flavor | Version | Tinstall | Tcheck | Ttotal | Status | Flags |
---|---|---|---|---|---|---|
r-devel-linux-x86_64-debian-clang | 4.4.5 | 29.19 | 198.09 | 227.28 | OK | |
r-devel-linux-x86_64-debian-gcc | 4.4.5 | 19.26 | 145.81 | 165.07 | OK | |
r-devel-linux-x86_64-fedora-clang | 4.4.5 | 263.81 | OK | |||
r-devel-linux-x86_64-fedora-gcc | 4.4.5 | 259.77 | OK | |||
r-devel-windows-ix86+x86_64 | 4.4.5 | 50.00 | 246.00 | 296.00 | OK | |
r-patched-linux-x86_64 | 4.4.5 | 21.64 | 185.06 | 206.70 | OK | |
r-patched-solaris-x86 | 4.4.5 | 367.50 | NOTE | |||
r-release-linux-x86_64 | 4.4.5 | 22.03 | 183.89 | 205.92 | OK | |
r-release-macos-x86_64 | 4.4.5 | OK | ||||
r-release-windows-ix86+x86_64 | 4.4.5 | 34.00 | 199.00 | 233.00 | OK | |
r-oldrel-macos-x86_64 | 4.4.5 | NOTE | ||||
r-oldrel-windows-ix86+x86_64 | 4.4.5 | 32.00 | 236.00 | 268.00 | OK |
Version: 4.4.5
Check: installed package size
Result: NOTE
installed size is 5.3Mb
sub-directories of 1Mb or more:
doc 1.6Mb
help 1.4Mb
Flavor: r-patched-solaris-x86
Version: 4.4.5
Check: dependencies in R code
Result: NOTE
No protocol specified
No protocol specified
Flavor: r-oldrel-macos-x86_64