Last updated on 2020-12-01 00:46:38 CET.
Flavor | Version | Tinstall | Tcheck | Ttotal | Status | Flags |
---|---|---|---|---|---|---|
r-devel-linux-x86_64-debian-clang | 2.7.7 | 20.19 | 153.15 | 173.34 | OK | |
r-devel-linux-x86_64-debian-gcc | 2.7.7 | 13.32 | 114.93 | 128.25 | OK | |
r-devel-linux-x86_64-fedora-clang | 2.7.7 | 213.58 | NOTE | |||
r-devel-linux-x86_64-fedora-gcc | 2.7.7 | 196.67 | OK | |||
r-devel-windows-ix86+x86_64 | 2.7.7 | 35.00 | 174.00 | 209.00 | OK | |
r-patched-linux-x86_64 | 2.7.7 | 15.50 | 141.59 | 157.09 | OK | |
r-patched-solaris-x86 | 2.7.7 | 278.00 | OK | |||
r-release-linux-x86_64 | 2.7.7 | 15.22 | 143.04 | 158.26 | OK | |
r-release-macos-x86_64 | 2.7.7 | OK | ||||
r-release-windows-ix86+x86_64 | 2.7.7 | 28.00 | 132.00 | 160.00 | OK | |
r-oldrel-macos-x86_64 | 2.7.7 | ERROR | ||||
r-oldrel-windows-ix86+x86_64 | 2.5.0 | 31.00 | 337.00 | 368.00 | OK |
Version: 2.7.7
Check: Rd cross-references
Result: NOTE
Undeclared package ‘rlang’ in Rd xrefs
Flavor: r-devel-linux-x86_64-fedora-clang
Version: 2.7.7
Check: whether package can be installed
Result: ERROR
Installation failed.
Flavor: r-oldrel-macos-x86_64