Last updated on 2020-12-01 00:46:38 CET.
Flavor | Version | Tinstall | Tcheck | Ttotal | Status | Flags |
---|---|---|---|---|---|---|
r-devel-linux-x86_64-debian-clang | 0.1.0 | 7.02 | 41.11 | 48.13 | OK | |
r-devel-linux-x86_64-debian-gcc | 0.1.0 | 4.89 | 32.70 | 37.59 | OK | |
r-devel-linux-x86_64-fedora-clang | 0.1.0 | 62.84 | NOTE | |||
r-devel-linux-x86_64-fedora-gcc | 0.1.0 | 53.07 | NOTE | |||
r-devel-windows-ix86+x86_64 | 0.1.0 | 11.00 | 61.00 | 72.00 | OK | |
r-patched-linux-x86_64 | 0.1.0 | 5.21 | 40.21 | 45.42 | OK | |
r-patched-solaris-x86 | 0.1.0 | 85.20 | NOTE | |||
r-release-linux-x86_64 | 0.1.0 | 5.37 | 39.83 | 45.20 | OK | |
r-release-macos-x86_64 | 0.1.0 | NOTE | ||||
r-release-windows-ix86+x86_64 | 0.1.0 | 9.00 | 45.00 | 54.00 | OK | |
r-oldrel-macos-x86_64 | 0.1.0 | NOTE | ||||
r-oldrel-windows-ix86+x86_64 | 0.1.0 | 9.00 | 59.00 | 68.00 | OK |
Version: 0.1.0
Check: data for non-ASCII characters
Result: NOTE
Note: found 3 marked UTF-8 strings
Flavors: r-devel-linux-x86_64-fedora-clang, r-devel-linux-x86_64-fedora-gcc, r-patched-solaris-x86, r-release-macos-x86_64, r-oldrel-macos-x86_64