Last updated on 2020-12-01 00:46:39 CET.
Flavor | Version | Tinstall | Tcheck | Ttotal | Status | Flags |
---|---|---|---|---|---|---|
r-devel-linux-x86_64-debian-clang | 1.0.2 | 15.39 | 95.89 | 111.28 | NOTE | |
r-devel-linux-x86_64-debian-gcc | 1.0.2 | 8.68 | 72.48 | 81.16 | NOTE | |
r-devel-linux-x86_64-fedora-clang | 1.0.2 | 133.97 | NOTE | |||
r-devel-linux-x86_64-fedora-gcc | 1.0.2 | 123.49 | NOTE | |||
r-devel-windows-ix86+x86_64 | 1.0.2 | 27.00 | 117.00 | 144.00 | NOTE | |
r-patched-linux-x86_64 | 1.0.2 | 11.98 | 88.45 | 100.43 | NOTE | |
r-patched-solaris-x86 | 1.0.2 | 187.00 | NOTE | |||
r-release-linux-x86_64 | 1.0.2 | 11.57 | 89.60 | 101.17 | NOTE | |
r-release-macos-x86_64 | 1.0.2 | NOTE | ||||
r-release-windows-ix86+x86_64 | 1.0.2 | 22.00 | 87.00 | 109.00 | NOTE | |
r-oldrel-macos-x86_64 | 1.0.2 | NOTE | ||||
r-oldrel-windows-ix86+x86_64 | 1.0.2 | 27.00 | 107.00 | 134.00 | OK |
Version: 1.0.2
Check: package vignettes
Result: NOTE
Package vignette with placeholder title 'Vignette Title':
'datadigest.Rmd'
Flavors: r-devel-linux-x86_64-debian-clang, r-devel-linux-x86_64-debian-gcc, r-devel-windows-ix86+x86_64, r-patched-linux-x86_64, r-release-linux-x86_64, r-release-windows-ix86+x86_64
Version: 1.0.2
Check: dependencies in R code
Result: NOTE
Namespace in Imports field not imported from: ‘miniUI’
All declared Imports should be used.
Flavors: r-devel-linux-x86_64-fedora-clang, r-devel-linux-x86_64-fedora-gcc, r-patched-solaris-x86, r-release-macos-x86_64, r-oldrel-macos-x86_64