Last updated on 2020-12-01 00:46:39 CET.
Flavor | Version | Tinstall | Tcheck | Ttotal | Status | Flags |
---|---|---|---|---|---|---|
r-devel-linux-x86_64-debian-clang | 1.2 | 3.54 | 25.81 | 29.35 | NOTE | |
r-devel-linux-x86_64-debian-gcc | 1.2 | 2.66 | 22.02 | 24.68 | NOTE | |
r-devel-linux-x86_64-fedora-clang | 1.2 | 41.59 | NOTE | |||
r-devel-linux-x86_64-fedora-gcc | 1.2 | 32.08 | NOTE | |||
r-devel-windows-ix86+x86_64 | 1.2 | 6.00 | 45.00 | 51.00 | NOTE | |
r-patched-linux-x86_64 | 1.2 | 3.55 | 27.00 | 30.55 | NOTE | |
r-patched-solaris-x86 | 1.2 | 46.00 | NOTE | |||
r-release-linux-x86_64 | 1.2 | 3.60 | 24.44 | 28.04 | NOTE | |
r-release-macos-x86_64 | 1.2 | NOTE | ||||
r-release-windows-ix86+x86_64 | 1.2 | 6.00 | 35.00 | 41.00 | NOTE | |
r-oldrel-macos-x86_64 | 1.2 | NOTE | ||||
r-oldrel-windows-ix86+x86_64 | 1.2 | 7.00 | 61.00 | 68.00 | NOTE |
Version: 1.2
Check: R code for possible problems
Result: NOTE
cvm.test : cvm.pval.disc: no visible global function definition for
'integrate'
cvm.test : cvm.pval.disc: no visible global function definition for
'dchisq'
cvm.test : cvm.pval.disc: no visible global function definition for
'nlm'
cvm.test : cvm.stat.disc: no visible global function definition for
'knots'
cvm.test : cvm.pval.disc.sim: no visible global function definition for
'knots'
cvm.test : cvm.pval.disc.sim: no visible global function definition for
'runif'
cvm.test: no visible global function definition for 'is.stepfun'
cvm.test: no visible global function definition for 'knots'
ks.test : exact.pval : ts.pval: no visible global function definition
for 'ecdf'
ks.test : sim.pval: no visible global function definition for 'runif'
ks.test : sim.pval : getks: no visible global function definition for
'ecdf'
ks.test: no visible global function definition for 'is.stepfun'
ks.test: no visible global function definition for 'knots'
ks.test: no visible global function definition for 'ecdf'
Undefined global functions or variables:
dchisq ecdf integrate is.stepfun knots nlm runif
Consider adding
importFrom("stats", "dchisq", "ecdf", "integrate", "is.stepfun",
"knots", "nlm", "runif")
to your NAMESPACE file.
Flavors: r-devel-linux-x86_64-debian-clang, r-devel-linux-x86_64-debian-gcc, r-devel-linux-x86_64-fedora-clang, r-devel-linux-x86_64-fedora-gcc, r-devel-windows-ix86+x86_64, r-patched-linux-x86_64, r-patched-solaris-x86, r-release-linux-x86_64, r-release-macos-x86_64, r-release-windows-ix86+x86_64, r-oldrel-macos-x86_64, r-oldrel-windows-ix86+x86_64
Version: 1.2
Check: compiled code
Result: NOTE
File ‘dgof/libs/dgof.so’:
Found no calls to: ‘R_registerRoutines’, ‘R_useDynamicSymbols’
It is good practice to register native routines and to disable symbol
search.
See ‘Writing portable packages’ in the ‘Writing R Extensions’ manual.
Flavors: r-devel-linux-x86_64-fedora-clang, r-devel-linux-x86_64-fedora-gcc