Last updated on 2020-12-01 00:46:39 CET.
Flavor | Version | Tinstall | Tcheck | Ttotal | Status | Flags |
---|---|---|---|---|---|---|
r-devel-linux-x86_64-debian-clang | 0.0.1 | 20.86 | 99.96 | 120.82 | OK | |
r-devel-linux-x86_64-debian-gcc | 0.0.1 | 15.65 | 75.82 | 91.47 | OK | |
r-devel-linux-x86_64-fedora-clang | 0.0.1 | 151.57 | NOTE | |||
r-devel-linux-x86_64-fedora-gcc | 0.0.1 | 138.93 | NOTE | |||
r-devel-windows-ix86+x86_64 | 0.0.1 | 35.00 | 123.00 | 158.00 | OK | |
r-patched-linux-x86_64 | 0.0.1 | 17.17 | 92.78 | 109.95 | OK | |
r-patched-solaris-x86 | 0.0.1 | 194.20 | NOTE | |||
r-release-macos-x86_64 | 0.0.1 | NOTE | ||||
r-oldrel-macos-x86_64 | 0.0.1 | NOTE | ||||
r-oldrel-windows-ix86+x86_64 | 0.0.1 | 25.00 | 94.00 | 119.00 | OK |
Version: 0.0.1
Check: data for non-ASCII characters
Result: NOTE
Note: found 7883 marked UTF-8 strings
Flavors: r-devel-linux-x86_64-fedora-clang, r-devel-linux-x86_64-fedora-gcc, r-patched-solaris-x86, r-release-macos-x86_64, r-oldrel-macos-x86_64