Last updated on 2020-12-01 00:46:39 CET.
Flavor | Version | Tinstall | Tcheck | Ttotal | Status | Flags |
---|---|---|---|---|---|---|
r-devel-linux-x86_64-debian-clang | 0.1.14 | 53.56 | 98.24 | 151.80 | OK | |
r-devel-linux-x86_64-debian-gcc | 0.1.14 | 40.47 | 74.54 | 115.01 | OK | |
r-devel-linux-x86_64-fedora-clang | 0.1.14 | 178.45 | NOTE | |||
r-devel-linux-x86_64-fedora-gcc | 0.1.14 | 156.61 | NOTE | |||
r-devel-windows-ix86+x86_64 | 0.1.14 | 86.00 | 209.00 | 295.00 | OK | |
r-patched-linux-x86_64 | 0.1.14 | 48.45 | 91.85 | 140.30 | OK | |
r-patched-solaris-x86 | 0.1.14 | 273.30 | OK | |||
r-release-linux-x86_64 | 0.1.14 | 48.85 | 90.27 | 139.12 | OK | |
r-release-macos-x86_64 | 0.1.14 | OK | ||||
r-release-windows-ix86+x86_64 | 0.1.14 | 69.00 | 163.00 | 232.00 | OK | |
r-oldrel-macos-x86_64 | 0.1.14 | OK | ||||
r-oldrel-windows-ix86+x86_64 | 0.1.14 | 65.00 | 209.00 | 274.00 | OK |
Version: 0.1.14
Check: compiled code
Result: NOTE
File ‘diffrprojects/libs/diffrprojects.so’:
Found no calls to: ‘R_registerRoutines’, ‘R_useDynamicSymbols’
It is good practice to register native routines and to disable symbol
search.
See ‘Writing portable packages’ in the ‘Writing R Extensions’ manual.
Flavors: r-devel-linux-x86_64-fedora-clang, r-devel-linux-x86_64-fedora-gcc