Last updated on 2020-12-01 00:46:40 CET.
Flavor | Version | Tinstall | Tcheck | Ttotal | Status | Flags |
---|---|---|---|---|---|---|
r-devel-linux-x86_64-debian-clang | 2.8.0 | 43.33 | 93.87 | 137.20 | OK | |
r-devel-linux-x86_64-debian-gcc | 2.8.0 | 29.90 | 71.43 | 101.33 | OK | |
r-devel-linux-x86_64-fedora-clang | 2.8.0 | 162.21 | NOTE | |||
r-devel-linux-x86_64-fedora-gcc | 2.8.0 | 154.67 | OK | |||
r-devel-windows-ix86+x86_64 | 2.8.0 | 61.00 | 158.00 | 219.00 | OK | |
r-patched-linux-x86_64 | 2.8.0 | 40.97 | 89.84 | 130.81 | OK | |
r-patched-solaris-x86 | 2.8.0 | 197.00 | OK | |||
r-release-linux-x86_64 | 2.8.0 | 42.43 | 90.68 | 133.11 | OK | |
r-release-macos-x86_64 | 2.8.0 | OK | ||||
r-release-windows-ix86+x86_64 | 2.8.0 | 59.00 | 124.00 | 183.00 | OK | |
r-oldrel-macos-x86_64 | 2.8.0 | OK | ||||
r-oldrel-windows-ix86+x86_64 | 2.8.0 | 37.00 | 144.00 | 181.00 | OK |
Version: 2.8.0
Check: Rd cross-references
Result: NOTE
Undeclared package ‘robustbase’ in Rd xrefs
Flavor: r-devel-linux-x86_64-fedora-clang