CRAN Package Check Results for Package diversitree

Last updated on 2020-12-01 00:46:40 CET.

Flavor Version Tinstall Tcheck Ttotal Status Flags
r-devel-linux-x86_64-debian-clang 0.9-15 109.24 116.50 225.74 OK
r-devel-linux-x86_64-debian-gcc 0.9-15 99.33 90.01 189.34 OK
r-devel-linux-x86_64-fedora-clang 0.9-15 262.78 NOTE
r-devel-linux-x86_64-fedora-gcc 0.9-15 237.81 OK
r-devel-windows-ix86+x86_64 0.9-15 185.00 180.00 365.00 NOTE
r-patched-linux-x86_64 0.9-15 149.02 109.91 258.93 OK
r-patched-solaris-x86 0.9-15 240.80 OK
r-release-linux-x86_64 0.9-15 149.09 107.84 256.93 OK
r-release-macos-x86_64 0.9-15 NOTE
r-release-windows-ix86+x86_64 0.9-15 186.00 177.00 363.00 NOTE
r-oldrel-macos-x86_64 0.9-15 NOTE
r-oldrel-windows-ix86+x86_64 0.9-15 135.00 132.00 267.00 NOTE

Check Details

Version: 0.9-15
Check: installed package size
Result: NOTE
     installed size is 7.0Mb
     sub-directories of 1Mb or more:
     libs 5.8Mb
Flavors: r-devel-linux-x86_64-fedora-clang, r-devel-windows-ix86+x86_64, r-release-macos-x86_64, r-release-windows-ix86+x86_64, r-oldrel-macos-x86_64, r-oldrel-windows-ix86+x86_64