Last updated on 2020-12-01 00:46:40 CET.
Flavor | Version | Tinstall | Tcheck | Ttotal | Status | Flags |
---|---|---|---|---|---|---|
r-devel-linux-x86_64-debian-clang | 1.2.6 | 12.21 | 749.48 | 761.69 | OK | |
r-devel-linux-x86_64-debian-gcc | 1.2.6 | 8.29 | 866.27 | 874.56 | OK | |
r-devel-linux-x86_64-fedora-clang | 1.2.6 | 913.34 | OK | |||
r-devel-linux-x86_64-fedora-gcc | 1.2.6 | 154.44 | NOTE | |||
r-devel-windows-ix86+x86_64 | 1.2.6 | 24.00 | 281.00 | 305.00 | OK | |
r-patched-linux-x86_64 | 1.2.6 | 11.29 | 1152.51 | 1163.80 | OK | |
r-patched-solaris-x86 | 1.2.6 | 1196.10 | OK | |||
r-release-linux-x86_64 | 1.2.6 | 9.38 | 1153.35 | 1162.73 | OK | |
r-release-macos-x86_64 | 1.2.6 | OK | ||||
r-release-windows-ix86+x86_64 | 1.2.6 | 20.00 | 132.00 | 152.00 | OK | |
r-oldrel-macos-x86_64 | 1.2.6 | OK | ||||
r-oldrel-windows-ix86+x86_64 | 1.2.6 | 19.00 | 162.00 | 181.00 | OK |
Version: 1.2.6
Check: for non-standard things in the check directory
Result: NOTE
Found the following files/directories:
‘emeScheme’
Flavor: r-devel-linux-x86_64-fedora-gcc