Last updated on 2020-12-01 00:46:40 CET.
Flavor | Version | Tinstall | Tcheck | Ttotal | Status | Flags |
---|---|---|---|---|---|---|
r-devel-linux-x86_64-debian-clang | 0.1.0 | 6.74 | 45.20 | 51.94 | OK | |
r-devel-linux-x86_64-debian-gcc | 0.1.0 | 4.46 | 36.02 | 40.48 | OK | |
r-devel-linux-x86_64-fedora-clang | 0.1.0 | 66.92 | NOTE | |||
r-devel-linux-x86_64-fedora-gcc | 0.1.0 | 57.62 | NOTE | |||
r-devel-windows-ix86+x86_64 | 0.1.0 | 13.00 | 66.00 | 79.00 | OK | |
r-patched-linux-x86_64 | 0.1.0 | 6.53 | 43.27 | 49.80 | OK | |
r-patched-solaris-x86 | 0.1.0 | 85.80 | NOTE | |||
r-release-linux-x86_64 | 0.1.0 | 5.89 | 43.99 | 49.88 | OK | |
r-release-macos-x86_64 | 0.1.0 | NOTE | ||||
r-release-windows-ix86+x86_64 | 0.1.0 | 18.00 | 54.00 | 72.00 | OK | |
r-oldrel-macos-x86_64 | 0.1.0 | NOTE | ||||
r-oldrel-windows-ix86+x86_64 | 0.1.0 | 19.00 | 62.00 | 81.00 | OK |
Version: 0.1.0
Check: dependencies in R code
Result: NOTE
Namespaces in Imports field not imported from:
‘tidyr’ ‘tidyverse’
All declared Imports should be used.
Flavors: r-devel-linux-x86_64-fedora-clang, r-devel-linux-x86_64-fedora-gcc, r-patched-solaris-x86, r-release-macos-x86_64, r-oldrel-macos-x86_64