Last updated on 2020-12-01 00:46:40 CET.
Flavor | Version | Tinstall | Tcheck | Ttotal | Status | Flags |
---|---|---|---|---|---|---|
r-devel-linux-x86_64-debian-clang | 5.5.6 | 227.45 | 380.39 | 607.84 | NOTE | |
r-devel-linux-x86_64-debian-gcc | 5.5.6 | 209.51 | 290.80 | 500.31 | NOTE | |
r-devel-linux-x86_64-fedora-clang | 5.5.6 | 718.31 | NOTE | |||
r-devel-linux-x86_64-fedora-gcc | 5.5.6 | 679.80 | NOTE | |||
r-devel-windows-ix86+x86_64 | 5.5.6 | 409.00 | 553.00 | 962.00 | NOTE | |
r-patched-linux-x86_64 | 5.5.6 | 246.26 | 374.12 | 620.38 | NOTE | |
r-patched-solaris-x86 | 5.5.6 | 956.20 | NOTE | |||
r-release-linux-x86_64 | 5.5.6 | 254.38 | 371.12 | 625.50 | NOTE | |
r-release-macos-x86_64 | 5.5.6 | NOTE | ||||
r-release-windows-ix86+x86_64 | 5.5.6 | 299.00 | 440.00 | 739.00 | NOTE | |
r-oldrel-macos-x86_64 | 5.5.6 | NOTE | ||||
r-oldrel-windows-ix86+x86_64 | 5.5.6 | 338.00 | 542.00 | 880.00 | NOTE |
Version: 5.5.6
Check: for GNU extensions in Makefiles
Result: NOTE
GNU make is a SystemRequirements.
Flavors: r-devel-linux-x86_64-debian-clang, r-devel-linux-x86_64-debian-gcc, r-devel-linux-x86_64-fedora-clang, r-devel-linux-x86_64-fedora-gcc, r-devel-windows-ix86+x86_64, r-patched-linux-x86_64, r-patched-solaris-x86, r-release-linux-x86_64, r-release-macos-x86_64, r-release-windows-ix86+x86_64, r-oldrel-macos-x86_64, r-oldrel-windows-ix86+x86_64
Version: 5.5.6
Check: installed package size
Result: NOTE
installed size is 10.3Mb
sub-directories of 1Mb or more:
doc 2.6Mb
libs 6.5Mb
Flavors: r-devel-linux-x86_64-fedora-clang, r-devel-windows-ix86+x86_64, r-release-macos-x86_64, r-release-windows-ix86+x86_64, r-oldrel-macos-x86_64, r-oldrel-windows-ix86+x86_64