CRAN Package Check Results for Package earthtide

Last updated on 2020-12-01 00:46:40 CET.

Flavor Version Tinstall Tcheck Ttotal Status Flags
r-devel-linux-x86_64-debian-clang 0.0.10 65.70 103.39 169.09 OK
r-devel-linux-x86_64-debian-gcc 0.0.10 64.33 78.76 143.09 OK
r-devel-linux-x86_64-fedora-clang 0.0.10 210.11 NOTE
r-devel-linux-x86_64-fedora-gcc 0.0.10 195.14 OK
r-devel-windows-ix86+x86_64 0.0.10 112.00 162.00 274.00 OK
r-patched-linux-x86_64 0.0.10 96.05 104.19 200.24 OK
r-patched-solaris-x86 0.0.10 651.00 OK
r-release-linux-x86_64 0.0.10 96.47 101.99 198.46 OK
r-release-macos-x86_64 0.0.10 NOTE
r-release-windows-ix86+x86_64 0.0.10 115.00 130.00 245.00 OK
r-oldrel-macos-x86_64 0.0.10 NOTE
r-oldrel-windows-ix86+x86_64 0.0.10 86.00 164.00 250.00 OK

Check Details

Version: 0.0.10
Check: installed package size
Result: NOTE
     installed size is 5.4Mb
     sub-directories of 1Mb or more:
     R 1.5Mb
     libs 3.5Mb
Flavors: r-devel-linux-x86_64-fedora-clang, r-release-macos-x86_64, r-oldrel-macos-x86_64