Last updated on 2020-12-01 00:46:40 CET.
Flavor | Version | Tinstall | Tcheck | Ttotal | Status | Flags |
---|---|---|---|---|---|---|
r-devel-linux-x86_64-debian-clang | 1.3.12 | 12.61 | 85.63 | 98.24 | OK | |
r-devel-linux-x86_64-debian-gcc | 1.3.12 | 8.95 | 67.37 | 76.32 | OK | |
r-devel-linux-x86_64-fedora-clang | 1.3.12 | 122.32 | NOTE | |||
r-devel-linux-x86_64-fedora-gcc | 1.3.12 | 115.17 | OK | |||
r-devel-windows-ix86+x86_64 | 1.3.12 | 21.00 | 106.00 | 127.00 | OK | |
r-patched-linux-x86_64 | 1.3.12 | 13.11 | 82.67 | 95.78 | OK | |
r-patched-solaris-x86 | 1.3.12 | 159.10 | OK | |||
r-release-linux-x86_64 | 1.3.12 | 12.64 | 81.99 | 94.63 | OK | |
r-release-macos-x86_64 | 1.3.12 | OK | ||||
r-release-windows-ix86+x86_64 | 1.3.12 | 22.00 | 76.00 | 98.00 | OK | |
r-oldrel-macos-x86_64 | 1.3.12 | NOTE | ||||
r-oldrel-windows-ix86+x86_64 | 1.3.12 | 16.00 | 102.00 | 118.00 | OK |
Version: 1.3.12
Check: Rd cross-references
Result: NOTE
Undeclared package ‘mvtnorm’ in Rd xrefs
Flavor: r-devel-linux-x86_64-fedora-clang
Version: 1.3.12
Check: dependencies in R code
Result: NOTE
No protocol specified
Flavor: r-oldrel-macos-x86_64