Last updated on 2020-12-01 00:46:41 CET.
Flavor | Version | Tinstall | Tcheck | Ttotal | Status | Flags |
---|---|---|---|---|---|---|
r-devel-linux-x86_64-debian-clang | 0.5.1 | 66.20 | 107.45 | 173.65 | OK | |
r-devel-linux-x86_64-debian-gcc | 0.5.1 | 59.44 | 84.00 | 143.44 | OK | |
r-devel-linux-x86_64-fedora-clang | 0.5.1 | 224.60 | OK | |||
r-devel-linux-x86_64-fedora-gcc | 0.5.1 | 191.85 | OK | |||
r-devel-windows-ix86+x86_64 | 0.5.1 | 125.00 | 190.00 | 315.00 | OK | |
r-patched-linux-x86_64 | 0.5.1 | 90.31 | 103.93 | 194.24 | OK | |
r-patched-solaris-x86 | 0.5.1 | 226.20 | OK | |||
r-release-linux-x86_64 | 0.5.1 | 68.50 | 102.78 | 171.28 | OK | |
r-release-macos-x86_64 | 0.5.1 | NOTE | ||||
r-release-windows-ix86+x86_64 | 0.5.1 | 99.00 | 145.00 | 244.00 | OK | |
r-oldrel-macos-x86_64 | 0.5.1 | NOTE | ||||
r-oldrel-windows-ix86+x86_64 | 0.5.1 | 108.00 | 179.00 | 287.00 | OK |
Version: 0.5.1
Check: installed package size
Result: NOTE
installed size is 27.8Mb
sub-directories of 1Mb or more:
libs 27.6Mb
Flavors: r-release-macos-x86_64, r-oldrel-macos-x86_64