Last updated on 2020-12-01 00:46:41 CET.
Flavor | Version | Tinstall | Tcheck | Ttotal | Status | Flags |
---|---|---|---|---|---|---|
r-devel-linux-x86_64-debian-clang | 1.1.0 | 3.89 | 709.49 | 713.38 | OK | |
r-devel-linux-x86_64-debian-gcc | 1.1.0 | 2.93 | 572.05 | 574.98 | OK | |
r-devel-linux-x86_64-fedora-clang | 1.1.0 | 858.16 | OK | |||
r-devel-linux-x86_64-fedora-gcc | 1.1.0 | 859.03 | OK | |||
r-devel-windows-ix86+x86_64 | 1.1.0 | 6.00 | 803.00 | 809.00 | OK | |
r-patched-linux-x86_64 | 1.1.0 | 3.73 | 681.25 | 684.98 | OK | |
r-patched-solaris-x86 | 1.1.0 | 1498.70 | OK | |||
r-release-linux-x86_64 | 1.1.0 | 4.01 | 698.86 | 702.87 | OK | |
r-release-macos-x86_64 | 1.1.0 | OK | ||||
r-release-windows-ix86+x86_64 | 1.1.0 | 7.00 | 634.00 | 641.00 | OK | |
r-oldrel-macos-x86_64 | 1.1.0 | FAIL | ||||
r-oldrel-windows-ix86+x86_64 | 1.1.0 | 4.00 | 717.00 | 721.00 | OK |
Version: 1.1.0
Check: re-building of vignette outputs
Result: WARN
Error(s) in re-building vignettes:
...
--- re-building ‘vignette.Rmd’ using rmarkdown
Warning in engine$weave(file, quiet = quiet, encoding = enc) :
Pandoc (>= 1.12.3) and/or pandoc-citeproc not available. Falling back to R Markdown v1.
Loading required package: rainbow
Loading required package: MASS
Loading required package: pcaPP
Loading required package: RCurl
Loading required package: bitops
Execution halted
Flavor: r-oldrel-macos-x86_64
Version: 1.1.0
Check: PDF version of manual
Result: FAIL
Flavor: r-oldrel-macos-x86_64