Last updated on 2020-12-01 00:46:41 CET.
Flavor | Version | Tinstall | Tcheck | Ttotal | Status | Flags |
---|---|---|---|---|---|---|
r-devel-linux-x86_64-debian-clang | 1.1-1 | 22.61 | 397.39 | 420.00 | NOTE | |
r-devel-linux-x86_64-debian-gcc | 1.1-1 | 13.46 | 296.83 | 310.29 | NOTE | |
r-devel-linux-x86_64-fedora-clang | 1.1-1 | 495.96 | NOTE | |||
r-devel-linux-x86_64-fedora-gcc | 1.1-1 | 542.92 | NOTE | |||
r-devel-windows-ix86+x86_64 | 1.1-1 | 36.00 | 490.00 | 526.00 | OK | |
r-patched-linux-x86_64 | 1.1-1 | 21.37 | 380.38 | 401.75 | NOTE | |
r-patched-solaris-x86 | 1.1-1 | 710.80 | NOTE | |||
r-release-linux-x86_64 | 1.1-1 | 20.83 | 380.53 | 401.36 | NOTE | |
r-release-macos-x86_64 | 1.1-1 | OK | ||||
r-release-windows-ix86+x86_64 | 1.1-1 | 32.00 | 378.00 | 410.00 | OK | |
r-oldrel-macos-x86_64 | 1.1-1 | OK | ||||
r-oldrel-windows-ix86+x86_64 | 1.1-1 | 23.00 | 485.00 | 508.00 | OK |
Version: 1.1-1
Check: package dependencies
Result: NOTE
Package suggested but not available for checking: 'knitcitations'
Flavors: r-devel-linux-x86_64-debian-clang, r-devel-linux-x86_64-debian-gcc, r-devel-linux-x86_64-fedora-clang, r-devel-linux-x86_64-fedora-gcc, r-patched-linux-x86_64, r-patched-solaris-x86, r-release-linux-x86_64
Version: 1.1-1
Check: Rd cross-references
Result: NOTE
Undeclared package ‘Hmisc’ in Rd xrefs
Flavor: r-devel-linux-x86_64-fedora-clang