CRAN Package Check Results for Package fsbrain

Last updated on 2020-12-01 00:46:42 CET.

Flavor Version Tinstall Tcheck Ttotal Status Flags
r-devel-linux-x86_64-debian-clang 0.4.0 20.04 223.24 243.28 OK
r-devel-linux-x86_64-debian-gcc 0.4.0 15.01 161.82 176.83 OK
r-devel-linux-x86_64-fedora-clang 0.4.0 282.38 OK
r-devel-linux-x86_64-fedora-gcc 0.4.0 278.31 OK
r-devel-windows-ix86+x86_64 0.4.0 29.00 324.00 353.00 OK
r-patched-linux-x86_64 0.4.0 17.36 206.07 223.43 OK
r-patched-solaris-x86 0.4.0 345.30 OK
r-release-linux-x86_64 0.4.0 18.55 203.83 222.38 OK
r-release-macos-x86_64 0.4.0 OK
r-release-windows-ix86+x86_64 0.4.0 30.00 246.00 276.00 OK
r-oldrel-macos-x86_64 0.4.0 WARN
r-oldrel-windows-ix86+x86_64 0.4.0 24.00 295.00 319.00 OK

Check Details

Version: 0.4.0
Check: whether package can be installed
Result: WARN
    Found the following significant warnings:
     Warning: 'rgl.init' failed, running with 'rgl.useNULL = TRUE'.
Flavor: r-oldrel-macos-x86_64