Last updated on 2020-12-01 00:46:43 CET.
Flavor | Version | Tinstall | Tcheck | Ttotal | Status | Flags |
---|---|---|---|---|---|---|
r-devel-linux-x86_64-debian-clang | 1.8-6.7 | 376.25 | 159.61 | 535.86 | OK | |
r-devel-linux-x86_64-debian-gcc | 1.8-6.7 | 355.01 | 123.79 | 478.80 | OK | |
r-devel-linux-x86_64-fedora-clang | 1.8-6.7 | 619.96 | NOTE | |||
r-devel-linux-x86_64-fedora-gcc | 1.8-6.7 | 561.20 | OK | |||
r-devel-windows-ix86+x86_64 | 1.8-6.7 | 655.00 | 272.00 | 927.00 | NOTE | |
r-patched-linux-x86_64 | 1.8-6.7 | 544.85 | 157.96 | 702.81 | OK | |
r-patched-solaris-x86 | 1.8-6.7 | 533.10 | OK | |||
r-release-linux-x86_64 | 1.8-6.7 | 543.55 | 152.65 | 696.20 | OK | |
r-release-macos-x86_64 | 1.8-6.7 | NOTE | ||||
r-release-windows-ix86+x86_64 | 1.8-6.7 | 651.00 | 208.00 | 859.00 | NOTE | |
r-oldrel-macos-x86_64 | 1.8-6.7 | NOTE | ||||
r-oldrel-windows-ix86+x86_64 | 1.8-6.7 | 476.00 | 250.00 | 726.00 | OK |
Version: 1.8-6.7
Check: installed package size
Result: NOTE
installed size is 15.8Mb
sub-directories of 1Mb or more:
libs 13.7Mb
Flavors: r-devel-linux-x86_64-fedora-clang, r-devel-windows-ix86+x86_64, r-release-macos-x86_64, r-release-windows-ix86+x86_64, r-oldrel-macos-x86_64