CRAN Package Check Results for Package gaiah

Last updated on 2020-12-01 00:46:42 CET.

Flavor Version Tinstall Tcheck Ttotal Status Flags
r-devel-linux-x86_64-debian-clang 0.0.4 5.78 50.13 55.91 OK
r-devel-linux-x86_64-debian-gcc 0.0.4 4.04 39.21 43.25 OK
r-devel-linux-x86_64-fedora-clang 0.0.4 72.50 NOTE
r-devel-linux-x86_64-fedora-gcc 0.0.4 62.05 NOTE
r-devel-windows-ix86+x86_64 0.0.4 11.00 69.00 80.00 OK
r-patched-linux-x86_64 0.0.4 5.33 52.94 58.27 OK
r-patched-solaris-x86 0.0.4 87.00 NOTE
r-release-linux-x86_64 0.0.4 5.26 48.77 54.03 OK
r-release-macos-x86_64 0.0.4 NOTE
r-release-windows-ix86+x86_64 0.0.4 8.00 55.00 63.00 OK
r-oldrel-macos-x86_64 0.0.4 NOTE
r-oldrel-windows-ix86+x86_64 0.0.4 7.00 65.00 72.00 OK

Check Details

Version: 0.0.4
Check: dependencies in R code
Result: NOTE
    Namespace in Imports field not imported from: ‘maptools’
     All declared Imports should be used.
Flavors: r-devel-linux-x86_64-fedora-clang, r-devel-linux-x86_64-fedora-gcc, r-patched-solaris-x86, r-release-macos-x86_64, r-oldrel-macos-x86_64