CRAN Package Check Results for Package geiger

Last updated on 2020-12-01 00:46:42 CET.

Flavor Version Tinstall Tcheck Ttotal Status Flags
r-devel-linux-x86_64-debian-clang 2.0.7 60.70 147.88 208.58 OK
r-devel-linux-x86_64-debian-gcc 2.0.7 49.14 115.08 164.22 OK
r-devel-linux-x86_64-fedora-clang 2.0.7 247.79 NOTE
r-devel-linux-x86_64-fedora-gcc 2.0.7 249.36 OK
r-devel-windows-ix86+x86_64 2.0.7 95.00 224.00 319.00 OK
r-patched-linux-x86_64 2.0.7 73.95 148.42 222.37 OK
r-patched-solaris-x86 2.0.7 301.50 OK
r-release-linux-x86_64 2.0.7 60.34 139.67 200.01 OK
r-release-macos-x86_64 2.0.7 OK
r-release-windows-ix86+x86_64 2.0.7 78.00 176.00 254.00 OK
r-oldrel-macos-x86_64 2.0.7 OK
r-oldrel-windows-ix86+x86_64 2.0.7 78.00 207.00 285.00 OK

Check Details

Version: 2.0.7
Check: Rd cross-references
Result: NOTE
    Undeclared package ‘TreeSim’ in Rd xrefs
Flavor: r-devel-linux-x86_64-fedora-clang