Last updated on 2020-12-01 00:46:42 CET.
Flavor | Version | Tinstall | Tcheck | Ttotal | Status | Flags |
---|---|---|---|---|---|---|
r-devel-linux-x86_64-debian-clang | 1.8.2 | 35.16 | 429.86 | 465.02 | NOTE | |
r-devel-linux-x86_64-debian-gcc | 1.8.2 | 24.47 | 324.31 | 348.78 | NOTE | |
r-devel-linux-x86_64-fedora-clang | 1.8.2 | 570.95 | NOTE | |||
r-devel-linux-x86_64-fedora-gcc | 1.8.2 | 798.78 | NOTE | |||
r-devel-windows-ix86+x86_64 | 1.8.2 | 58.00 | 634.00 | 692.00 | NOTE | |
r-patched-linux-x86_64 | 1.8.2 | 34.82 | 428.76 | 463.58 | NOTE | |
r-patched-solaris-x86 | 1.8.2 | 845.40 | NOTE | |||
r-release-linux-x86_64 | 1.8.2 | 35.23 | 420.75 | 455.98 | NOTE | |
r-release-macos-x86_64 | 1.8.2 | NOTE | ||||
r-release-windows-ix86+x86_64 | 1.8.2 | 59.00 | 522.00 | 581.00 | NOTE | |
r-oldrel-macos-x86_64 | 1.8.2 | NOTE | ||||
r-oldrel-windows-ix86+x86_64 | 1.8.2 | 43.00 | 642.00 | 685.00 | NOTE |
Version: 1.8.2
Check: package dependencies
Result: NOTE
Package which this enhances but not available for checking: 'INLA'
Flavors: r-devel-linux-x86_64-debian-clang, r-devel-linux-x86_64-debian-gcc, r-patched-linux-x86_64, r-patched-solaris-x86, r-release-linux-x86_64, r-release-macos-x86_64, r-oldrel-macos-x86_64
Version: 1.8.2
Check: installed package size
Result: NOTE
installed size is 6.0Mb
sub-directories of 1Mb or more:
data 3.8Mb
Flavors: r-devel-linux-x86_64-fedora-clang, r-devel-windows-ix86+x86_64, r-patched-solaris-x86, r-release-macos-x86_64, r-release-windows-ix86+x86_64, r-oldrel-macos-x86_64, r-oldrel-windows-ix86+x86_64
Version: 1.8.2
Check: data for non-ASCII characters
Result: NOTE
Note: found 4 marked UTF-8 strings
Flavors: r-devel-linux-x86_64-fedora-clang, r-devel-linux-x86_64-fedora-gcc, r-patched-solaris-x86, r-release-macos-x86_64, r-oldrel-macos-x86_64
Version: 1.8.2
Check: dependencies in R code
Result: NOTE
No protocol specified
No protocol specified
Flavor: r-oldrel-macos-x86_64